t common factor of 15 and u?
15
Let i = 45 + -7. Suppose 3*v - i = -5*c, 5*c + 14 + 12 = v. What is the greatest common divisor of 16 and v?
16
Let v be 2/((-12)/(-5) + -2). Suppose x - v*x + 8 = 0. What is the highest common factor of x and 2?
2
Let s(i) = i**3 - i**2 + 5*i - 2. Let v be s(4). Calculate the highest common divisor of v and 33.
33
Let m be (-28)/(-6)*9/2. Let w be 204/m + 4/14. Calculate the highest common divisor of 110 and w.
10
Suppose -3*c = d - 6, 3*d + 1 = -5*c + 7. Let o = -6 + 99. Suppose -3*r = f - 2*f - 53, -5*r = c*f - o. What is the highest common factor of 27 and r?
9
Suppose 54 = 3*l - 0*l. Let s be (-1)/((-3)/((-6)/(-1))). Suppose -50 = -s*w + 40. Calculate the highest common factor of w and l.
9
Let r = 3 - 2. Let k = 3 + -1. Calculate the greatest common divisor of r and k.
1
Let n be -3 + ((-4805)/(-25) - (-3)/(-15)). What is the greatest common divisor of 21 and n?
21
Let d(u) = u**3 - 5*u**2 + u - 3. Let k be d(5). Calculate the highest common divisor of 4 and k.
2
Let y = 155 + -65. Let l(q) = q**2 + q + 6. Let r = -12 - -6. Let i be l(r). Calculate the greatest common factor of i and y.
18
Let w = 6 + -3. Let c be -10*w*2/(-4). Calculate the greatest common divisor of c and 165.
15
Suppose 4*h = 93 - 37. Let r(i) = -i**2 + 16*i - 15. Let o be r(h). What is the highest common factor of o and 104?
13
Let k = -22 - -23. Calculate the highest common divisor of 4 and k.
1
Let b be (2/5)/(2*3/210). What is the greatest common factor of 21 and b?
7
Suppose 0 = 9*q - 687 - 285. Calculate the greatest common factor of 162 and q.
54
Suppose 0 = y - 3*q + 1, 3*y = 5*y + 2*q + 2. Let g be 2*((-3)/2)/y. Suppose -g*f + 21 = b, -5*b + b = -12. Calculate the highest common factor of f and 4.
2
Suppose 0 = 4*n - 16, -2*d - 4*n = -7*n - 38. What is the greatest common divisor of d and 275?
25
Suppose 2*a - 4*l = -2, l = a + 2*l - 5. Let i be 15*(a - (-2)/(-6)). Calculate the highest common divisor of i and 5.
5
Suppose -2*v + 3*f - 35 = -3*v, -92 = -4*v + 4*f. Let r = -14 + v. What is the greatest common divisor of r and 36?
12
Let p(r) = 3*r + 10. Let w be p(-10). Let z = -2 - w. What is the greatest common divisor of z and 2?
2
Let v(c) = 25*c**2 + 2*c. Let l be v(2). Let i = 20 - 14. Let w = 19 - i. What is the greatest common factor of w and l?
13
Suppose 18 = q - 4*m, -5*q - m + 2*m + 14 = 0. Suppose q*p = -3*p + 525. What is the greatest common factor of 42 and p?
21
Suppose 292 = 5*w - 108. What is the greatest common factor of 16 and w?
16
Let n be (-57)/(-2)*(-10)/(-15). Let u(f) = -f**3 - 2*f**2 + 7*f - 7. Let q = 3 + -9. Let i be u(q). What is the highest common factor of i and n?
19
Suppose -4*v + 520 = 2*f, -5*f = -3*v - 2*v + 650. Calculate the highest common factor of v and 52.
26
Let v(l) = -l**2 - 6*l + 1. Let s be v(-3). Suppose 3*x - 8 = 4. Suppose -4*z - 20 = x*p - 60, s = p + 2*z. What is the highest common divisor of 25 and p?
5
Let x(d) = -d**3 - 7*d**2 + 5*d + 25. Let h be x(-8). Calculate the greatest common divisor of h and 441.
49
Suppose 3*f - 126 - 210 = 0. What is the greatest common factor of f and 14?
14
Suppose u + 29 = 2*j - j, u = 4*j - 101. What is the greatest common factor of 24 and j?
24
Suppose 5*x - 24 = 2*x. Calculate the greatest common divisor of x and 64.
8
Suppose 4*l - 24 = 4. Let j be ((-3)/(-9)*0)/(-1). Suppose 3*r = -3*x - j*r + 165, 2*r - 222 = -4*x. Calculate the highest common divisor of l and x.
7
Suppose -1 = l, -l - l = -2*c + 4. What is the greatest common factor of c and 3?
1
Let b(o) = -2*o - 1. Let d be b(-3). Suppose 5*h - 55 = 45. What is the greatest common divisor of h and d?
5
Let n be -4 + 10 - 2/(-2). Let h be ((-98)/21)/((-2)/3). Calculate the highest common divisor of h and n.
7
Let l be 7*(1 + 3) - 0. Let b = 4 + 38. Calculate the highest common divisor of l and b.
14
Let l(i) = i**2 + 6*i - 9. Let s be l(-9). What is the greatest common factor of s and 2?
2
Suppose g - 20 = -p, 0*g - 5*g + 3*p + 124 = 0. What is the greatest common factor of g and 207?
23
Suppose 8*z - 3*z - 60 = 0. Calculate the greatest common divisor of z and 60.
12
Suppose -5*k + 3*k = 0. Let s(b) = -b + 5. Let o be s(3). Suppose o*x - x - 6 = k. Calculate the greatest common divisor of x and 6.
6
Suppose -c = 4*c - 20. Let b(m) = 4*m**2 + 3*m + 4. Let w be b(c). What is the highest common factor of w and 10?
10
Let b = 19 + -19. Suppose k - 5*k + 60 = b. What is the greatest common divisor of 135 and k?
15
Let a(v) = -4*v**2 - v + 3*v**3 - 4*v**3 - 2*v**2 + 8. Let n be a(-6). Let y(j) = -j - 13. Let q be y(-15). What is the greatest common factor of q and n?
2
Let y be (-286)/4*3*(-10)/15. Calculate the greatest common divisor of y and 11.
11
Suppose 9*y - 102 = 3*y. Calculate the highest common factor of 34 and y.
17
Let m(z) = 59*z + 1. Let v be m(1). Suppose -2*u + 45 = o, o + 8*u - 3*u - v = 0. What is the greatest common divisor of 14 and o?
7
Let v(x) = 2*x + 66. Let d be v(0). Suppose -24 - d = -2*y. Calculate the highest common divisor of y and 15.
15
Let i(c) = -c - 4. Let g be i(-6). Let b be g - 76/((-8)/2). Let v = -83 - -314. What is the greatest common divisor of v and b?
21
Let u(l) = -l**3 - 7*l**2 - 9*l - 6. Let c be u(-6). Calculate the greatest common divisor of 3 and c.
3
Suppose -209 = -0*j - 4*j + 5*d, -3*d = -4*j + 215. Calculate the highest common factor of 7 and j.
7
Let b be -4 - 64*5/(-5). Calculate the highest common factor of 12 and b.
12
Let n(l) = l**2 - 4*l - 13. Let s = -4 + 8. Suppose -b + s = -5. Let g be n(b). Calculate the highest common divisor of 48 and g.
16
Let n = 26 + -2. What is the greatest common factor of n and 6?
6
Let b be -1 - (-3)/6*2. Suppose b = v + 2*v. Suppose -4*q - q + 125 = v. What is the highest common divisor of q and 10?
5
Let s be 4/((-48)/(-9))*48. What is the greatest common factor of 90 and s?
18
Let w(d) = 6*d**2 - 12*d + 9. Let y be (-32)/(-5) - (-2)/(-5). Let l be w(y). What is the highest common factor of 17 and l?
17
Let h = 82 + -66. Calculate the highest common divisor of 16 and h.
16
Let v(c) = -7*c + 4. Let s be v(-4). Calculate the greatest common factor of s and 4.
4
Let z(n) = -n + 7. Let t be z(5). Let a = 10 - t. Let m be (-2)/6*-3 - -63. What is the highest common factor of a and m?
8
Let m be 1050/((-6)/(-3)) + 2. Suppose -4*q = 107 - m. What is the highest common factor of q and 42?
21
Suppose 2*z + 5*u + 0*u = 14, 32 = 2*z - 4*u. Let y(l) = l**2 - 2*l + 3. Let g be y(2). What is the highest common divisor of g and z?
3
Let z(a) = -a**2 + 8*a. Let g = 18 + -11. Let q be z(g). Let f(d) = d**2 + 5*d - 5. Let o be f(-6). What is the highest common factor of o and q?
1
Let x be (-5)/(-25) + (-19)/(-5). What is the highest common divisor of x and 44?
4
Let r(u) = -6*u - 1. Suppose 0 = -2*b - 2*b - 4. Let j be r(b). What is the greatest common factor of 25 and j?
5
Suppose -7*d = 19 - 47. Suppose -5*v - 16 + 51 = 0. Let k be 142/7 + (-2)/v. What is the greatest common divisor of d and k?
4
Let z(y) = -3*y**3 + y. Let w be z(-1). Calculate the greatest common factor of 1 and w.
1
Let k be 16/6*3/2. Let r be (-424)/(-14) + k/(-14). What is the greatest common factor of 10 and r?
10
Suppose 0 = 2*h - 2*x - 3*x - 227, 5*x - 121 = -h. Calculate the highest common divisor of 29 and h.
29
Let n be 365/3 - 2/(-6). Let i = -87 + n. Calculate the greatest common divisor of 5 and i.
5
Let m be (4 + -1)/((-12)/(-64)). What is the greatest common divisor of m and 8?
8
Let f = -286 - -481. Let k = f - 83. Let d be (-45 - -46)/((-2)/(-32)). What is the greatest common factor of k and d?
16
Let m(p) = -4*p - 9. Let c be m(-4). Suppose -23 = -c*h + 61. What is the highest common factor of h and 3?
3
Let b be 2*(-170)/12*495/(-275). Let u be 2/7 - (-117)/7. What is the greatest common factor of b and u?
17
Suppose 3*y = 14 + 211. Suppose 0 = 5*i - 268 + 23. Suppose -t - i = -3*t + 5*j, 3*j = 5*t - y. What is the greatest common factor of t and 24?
12
Suppose 5*k = 5*n + 120, n = -n + 6. Calculate the highest common divisor of k and 3.
3
Let y(n) = -n + 3. Let j be y(-1). What is the greatest common factor of j and 32?
4
Let t(q) = -q**3 + 13*q**2 - 3*q + 9. Let i be t(10). Calculate the greatest common divisor of 31 and 